+ 4/(-18). Calculate the highest common divisor of x and v.
11
Let f = -40 - -64. Let b be f/(-32) - 34/8. Let t = b - -6. Calculate the highest common factor of 9 and t.
1
Let u(d) = 23*d**2 + 15*d + 26. Let r be u(-2). What is the highest common divisor of r and 132?
44
Let r = 307 - 54. Calculate the highest common factor of r and 23.
23
Let l be ((-1)/3)/(1/(-66)). What is the highest common divisor of 88 and l?
22
Suppose 2*w + 5*t - 22 = 0, 0 = 2*w - 5*t - 4 + 2. Calculate the greatest common factor of 534 and w.
6
Let z(b) = 15*b + 4. Let l be z(2). Suppose l = p + 14. Let j be 22/4 - 2/4. Calculate the greatest common factor of p and j.
5
Let m = -1 + 4. Suppose 0 = -a - 5*v + 160, -800 = -m*a - 2*a - 2*v. Let i = 46 + -26. What is the greatest common divisor of a and i?
20
Let d = -13 + 17. Let t be ((-242)/4)/((-2)/d). Let x be 5/(-25) + t/5. What is the greatest common divisor of 3 and x?
3
Let x = -20 - -29. Suppose -x = -0*c - c. Calculate the highest common factor of c and 99.
9
Let x be -1 + (-4 - -4)/(-3) - -3. Suppose -5*s + 25 = 0, x*s + 102 = 2*l + 4*s. What is the highest common factor of 230 and l?
46
Let r = 0 - -1. Let j(k) = k**3 + 3*k**2 + k + 2. Let d be j(-2). Let w be d + (0 - 0) + (-66)/22. Calculate the highest common factor of w and r.
1
Let g(n) = 4*n**2 - 3. Let d be g(-2). Suppose d*s - 18*s = -60. Calculate the greatest common divisor of 96 and s.
12
Let m be ((-82)/3)/(3/(-117)*2). What is the greatest common divisor of 41 and m?
41
Suppose 0 = 5*b + 4*a - 570, 4*b + 3*a + 0*a - 455 = 0. Let x be (-5*(-3)/15)/(2/b). What is the greatest common divisor of 5 and x?
5
Let r be (-25)/(-9) + (-6)/(-27). Suppose r*l = -l. Suppose l = z - 2*z + 144. What is the greatest common factor of 16 and z?
16
Let d(y) = -y + 29. Let w = 17 + -3. Let h be d(w). Calculate the greatest common factor of 1 and h.
1
Suppose 2*x - 5*x + 27 = 0. Let y = 15 - x. Suppose i - 3*t - y = 70, -20 = 5*t. Calculate the highest common factor of 8 and i.
8
Let m be (-3)/(-9) - 568/(-24). Calculate the highest common factor of 192 and m.
24
Suppose 5*r + 300 = 10*r. Let c be (-168)/r*(-41 - -1). Let j = c + 3. What is the highest common factor of 23 and j?
23
Let b = -12 - -14. Suppose -4 = -b*u + 4. Suppose 0 = -u*l + l + 4*w + 38, -2*l + 2*w + 28 = 0. What is the greatest common divisor of 2 and l?
2
Let l(g) = g**3 + 7*g**2 - 6*g + 14. Let c be l(-7). Suppose -w - 3*u - 2*u + c = 0, -3*w - 4*u + 157 = 0. What is the greatest common factor of w and 17?
17
Let i(x) = -85*x - 89*x + 169*x - 2. Let u be i(-6). Calculate the greatest common divisor of u and 84.
28
Let i = -53 - -74. Let b be 30/4*((-35)/i + 3). What is the highest common divisor of b and 30?
10
Let a(t) = -t**3 + 5*t**2 + 3. Suppose -17 = -3*o - k, o + 0 - 13 = -4*k. Let q be a(o). Let p = q + 0. What is the greatest common divisor of 33 and p?
3
Let k(x) = x**3 - 13*x**2 + 41*x - 8. Let o be k(4). Calculate the highest common divisor of 1152 and o.
12
Suppose -7*n + 378 = -n. What is the highest common divisor of 7 and n?
7
Suppose 12*h - 67 = 5. Calculate the highest common factor of 366 and h.
6
Let r be (-1)/(1 - 5 - 894/(-224)). Calculate the greatest common factor of r and 14.
14
Let f = 41 - -67. What is the highest common divisor of 108 and f?
108
Let j be (-1652)/(-35) + -6 + 68/10. Calculate the highest common factor of j and 848.
16
Let k(j) = j**3 + 6*j**2 + 8*j + 3. Let a be k(-4). Suppose 160 = a*g + g. What is the highest common factor of g and 16?
8
Let h(d) = d**2 + 100*d - 200. Let u be h(-102). Let r be 212/18 - 2/(-9). Calculate the greatest common divisor of u and r.
4
Let t be 4/6 + (-88)/(-3). Let x be 19 - ((-3)/6 - -1)*-2. Let i be (-196)/(-10) + 8/x. Calculate the greatest common divisor of i and t.
10
Suppose 0 = -3*w + 23 + 19. Suppose 2*a + 3*n = a + 15, 2*a = -2*n + w. Let i be ((-17)/a - -4)*-3. What is the highest common factor of i and 15?
5
Suppose -10*a + 15 = -35. Suppose 0 = b + f - 22, b = -0*b + a*f - 8. What is the highest common factor of b and 51?
17
Let s(t) be the third derivative of t**4/24 + 7*t**3/2 - t**2. Let u be s(-18). Let i be ((-2)/3)/((-2)/9). What is the greatest common factor of i and u?
3
Let h = 260 + -218. Calculate the greatest common factor of 56 and h.
14
Let k = 64 + -61. Suppose a = k*p + 18, 5*p - 11 = 4*a - 90. Calculate the greatest common factor of a and 21.
21
Let t be 5 + ((-1)/(-7) - 40800/(-119)). What is the highest common divisor of 12 and t?
12
Let q = -14 + 36. Suppose -7*v + 2*v - q = -4*j, j - 3*v - 9 = 0. Suppose j*a - 44 = -14. Calculate the highest common divisor of 4 and a.
2
Suppose 280 = 2*v - 2*l, 2*v + l = 330 - 62. Calculate the greatest common divisor of v and 85.
17
Let r be (-6 + -2)/(((-8)/(-374))/(-2)). What is the greatest common divisor of r and 44?
44
Let c = 474 + -264. Suppose -4*o = 3*o - c. Calculate the greatest common divisor of o and 6.
6
Suppose -i - 5*w = -21 - 3, 5*i - 5*w = 30. Suppose 4*a = 71 + i. Suppose -21 - 4 = -5*u. What is the highest common factor of u and a?
5
Suppose 2*y + 248 = -5*k + 6*k, 2*y = 3*k - 732. What is the greatest common factor of 44 and k?
22
Suppose i + 4*i = -2*c + 1425, -4*i + 1140 = c. Calculate the highest common factor of i and 135.
15
Let a(c) = 10*c - 28. Let j be a(5). What is the highest common divisor of j and 22?
22
Suppose 0 = 3*a - 4*a + 10. Suppose -6*h + 3*h + 210 = 0. Let j = h + -50. Calculate the greatest common divisor of j and a.
10
Let k = 13 - -29. Let a be (-4)/30 - (-6 - (-56)/30). Suppose -3*l - 2*l + 5*i = -50, -k = -a*l + 3*i. Calculate the highest common divisor of l and 48.
12
Let a = 8 - 2. Suppose -5*b = -10, k + a*b - 5 = 2*b. Let j(p) = 3*p**2 + 4*p + 3. Let v be j(k). What is the highest common divisor of 180 and v?
18
Let n be (-2)/8 - 33/(-4). Suppose -n*k + 12*k = 40. Let s = -7 + k. What is the highest common factor of s and 24?
3
Let h = 1538 - 1458. What is the highest common divisor of h and 144?
16
Let y = 195 - 189. What is the greatest common divisor of y and 162?
6
Let o(z) = 10*z + 118. Let h be o(-11). What is the greatest common divisor of 616 and h?
8
Let o be ((-1)/((-5)/(-10)))/((-6)/195). Suppose 3*z = -25 + 64. What is the greatest common divisor of z and o?
13
Let d(i) = i + 15. Let t be d(-6). Let v be t/3 - 1/(-1). Suppose v*r - 3 - 41 = 0. Calculate the highest common factor of 11 and r.
11
Let w = 118 + -112. Let i be ((-126)/27)/((-2)/27) + 3. Calculate the highest common factor of i and w.
6
Suppose -3*r + 5 = -5*i, i - r - 1 = -4. Let v be i - 5/((-10)/164). What is the greatest common factor of 14 and v?
14
Suppose 0 = 4*x + 2*o - 110, 13*o = 5*x + 14*o - 133. What is the highest common factor of 1222 and x?
26
Let r = -11 - -18. Let k(x) = 4*x**2 + 13*x. Let t be k(-5). What is the highest common divisor of r and t?
7
Let p = 254 - 249. Let r(s) = -4*s + 1. Let l be r(-6). Calculate the highest common divisor of p and l.
5
Let b(n) = -n**3 + 5*n**2 + 10*n - 6. Let h be b(6). What is the greatest common divisor of 2 and h?
2
Let q be 4*(-3)/(-12) - -4. Suppose 0 = -r - 0*r + q. Suppose 425 = r*u - 250. Calculate the greatest common divisor of 15 and u.
15
Let h = 1268 + -1261. Calculate the highest common factor of h and 63.
7
Suppose p - 4*w - 3 = -5*w, 2*p + 3*w - 8 = 0. Let a = -1084 - -1093. What is the greatest common divisor of p and a?
1
Let f(x) = -3*x**3 - 11*x**2 - 3*x - 19. Let h(p) = p**3 - p**2 + 1. Let q(r) = -f(r) - 4*h(r). Let i be q(15). What is the greatest common divisor of i and 10?
10
Suppose 0 = 3*s - 99 + 30. Let y be (-6)/8 + (-463)/(-4). Calculate the greatest common factor of y and s.
23
Let k(s) = -s**2 + 13*s - 11. Let q be k(12). Let y be -5 + 4 - (-1)/(q/16). What is the greatest common factor of 45 and y?
15
Let y(n) = 8*n**2 - 22*n - 93. Let a be y(-4). What is the greatest common factor of 41 and a?
41
Let y be ((224 - -3) + 1)*(-1)/2. Suppose -l + 2*l = -274. Let m = y - l. Calculate the highest common divisor of 16 and m.
16
Suppose 271*y - 1848 = 257*y. What is the greatest common factor of 84 and y?
12
Let r(h) = -12*h**2 - 74*h + 2. Let s be r(-5). Calculate the greatest common divisor of s and 64.
8
Suppose -3*q = 135 - 171. Suppose -120 = -5*